 c(v) = 0 + 1 - i*v + 0 - 2. Calculate c(-2).
3
Let c(z) = z**3 + 3*z**2 - 3*z - 1. Let h = 488 + -491. Calculate c(h).
8
Let o(x) = 9*x**3 + 13*x**2 + 42. Let p(c) = 10*c**3 + 15*c**2 + 49. Let k(t) = -7*o(t) + 6*p(t). Suppose -3*y + 6*y + 4*w + 3 = 0, -y - 1 = 2*w. Give k(y).
2
Let v(m) = 10 - 3 - m - 10 + 6*m**2 + 1. What is v(-2)?
24
Let p(o) = 3*o**2 + 18*o - 2. Let f(y) = -16*y**2 - 94*y + 9. Let h(n) = -2*f(n) - 11*p(n). Determine h(-10).
4
Let d(s) = s**2 - 11*s - 6. Let z be 2/(-3) - 700/(-60). Determine d(z).
-6
Let t(r) be the third derivative of 7*r**6/720 + r**5/60 + r**4/24 - 13*r**3/3 + 12*r**2. Let y(m) be the second derivative of t(m). Calculate y(2).
16
Let m(g) = g**3 - 7*g**2 - 4*g + 8. Suppose -5*h + 7*h = 3*z - 1, 10 = 2*z. Determine m(h).
-20
Let y(d) = d**3 - 3*d**2 + d - 1. Suppose 2*j = -2, 0 = -5*s - 3*j - 0 + 7. What is y(s)?
-3
Let v(o) be the second derivative of 2/3*o**3 - 1/12*o**4 + 0 - 3/2*o**2 - 6*o. Determine v(4).
-3
Let h(z) = -z**2 + 13*z - 14. Suppose -12 = -24*o + 23*o. Determine h(o).
-2
Let d(i) = -6*i + 5. Let w = -1378 - -1378. What is d(w)?
5
Suppose 0*k = 3*k. Let o(v) = 8 + v - 5*v**3 + 1 + 3*v**2 - 3 + 4*v**3 - 4*v**2. What is o(k)?
6
Suppose -w - 12 = 2*w. Let h = 41 - 38. Let p(y) = y**3 + 0*y**h + 2*y**2 + 4*y**2 + 9*y + 4 - 2*y. What is p(w)?
8
Let y = -258 - -263. Let j(s) = -s**2 + 8*s - 3. Determine j(y).
12
Let t(z) be the first derivative of z**4/4 - 5*z**3/3 - 4*z**2 + z + 1. Give t(6).
-11
Let g(r) = -126*r**3 + 2*r + 120*r**3 - r. Give g(1).
-5
Let m(k) = k**2 + 11*k + 5. Let y be m(-9). Let t = y + 15. Suppose 0 = -t*z + 4*b + 2, -z = -5*z - 4*b + 16. Let h(r) = r**3 - 2*r**2 - 4. Give h(z).
5
Let j(b) = b**2 + 5*b + 7. Let o(d) = 7 - 8 - 6 - d**2 + 13*d + 2. Let x(p) = 4*p - 3. Let m be x(4). Let a be o(m). Give j(a).
7
Let k(r) = 3*r + 4. Let h(y) = 6*y + 12. Let i(c) = -4*h(c) + 11*k(c). Calculate i(3).
23
Let g(v) = -v**3 - 8*v**2 - 8*v + 3. Let b = -1998 - -1991. Calculate g(b).
10
Let z(h) be the third derivative of -h**5/60 - 13*h**4/24 - 3*h**3/2 + 52*h**2. Calculate z(-12).
3
Let m(p) = -238*p**2 + 241*p**2 - 5 - 12*p + 63*p. What is m(-17)?
-5
Suppose -2*f + 17 = 1. Let p(s) = 22*s**2 - 8*s - s**3 - 8 - 13*s**2 + s. What is p(f)?
0
Let s(j) = 5*j**2 + 8*j - 2. Let a(m) = 6*m**2 + 9*m - 3. Let w(g) = 4*a(g) - 5*s(g). Calculate w(-4).
-2
Let b = -2 - 26. Let f = b + 24. Let m be 0/((-6)/(f - -1)). Let v(n) = n**3 - n**2 + n - 1. Give v(m).
-1
Let i(a) be the second derivative of a**5/20 - a**4/12 - a**3/2 - 3*a**2/2 - 95*a. Let p = -8 + 6. Determine i(p).
-9
Let c(u) = 3*u**3 + 13*u**2 + 10*u + 4. Let y(g) = 4*g**3 + 13*g**2 + 9*g + 5. Let i(s) = 3*c(s) - 2*y(s). Determine i(-12).
2
Let f(b) = -10 + 4 + 6*b + 5 - b**2 - b - b. Determine f(3).
2
Let k(x) = -6*x - 26. Let s(z) = -z - 4. Let o(c) = 2*k(c) - 10*s(c). Calculate o(-6).
0
Let f(a) = -4*a**2 + 20*a + 11. Let k(b) = 5*b**2 - 21*b - 11. Let s(g) = -6*f(g) - 5*k(g). What is s(-14)?
3
Suppose -2*h + q = -0*h + 35, -q = 4*h + 61. Let z = h - -16. Suppose 4*j = -z*j + 24. Let b(y) = y - 3. Determine b(j).
3
Let w(q) be the third derivative of -q**5/60 + q**4/24 + q**3/6 + 36*q**2. Suppose -3 + 5 = -2*g, -2*x + g = 1. Determine w(x).
-1
Let u = 37 + -77. Let g be (-42)/(-10) - (-8)/u. Let q(a) = a**3 - a**2 + a - 1. Let k(v) = -4*v**3 + 8*v**2 - 9*v + 4. Let y(j) = -k(j) - 3*q(j). Give y(g).
7
Let m(x) be the third derivative of -x**5/60 + x**4/4 + 2*x**2. Let l(r) = 16*r**3 - 2*r**2 + 2*r - 1. Let o be l(1). Suppose o = 4*t - 1. Calculate m(t).
8
Let i(f) = 5*f. Let v = -1604 + 1603. What is i(v)?
-5
Suppose r - 33 = -5*q, 5*q = -3*r - 0*q + 69. Let w(l) = r*l + 19*l - 4 - 32*l. Determine w(6).
26
Let h(w) = 2*w**3 + 5*w**2 + w - 4. Let q be 816/(-340) - (-3)/(-5). Determine h(q).
-16
Let u(n) = 2*n - 11. Let w(b) = -11*b + 1. Let y(q) = -13*q + 2. Let z(g) = 7*w(g) - 6*y(g). Let m(h) = 6*u(h) - 13*z(h). Calculate m(-4).
3
Let s = 39 - 54. Let w = s + 16. Let y(a) = 17*a**2. Calculate y(w).
17
Suppose 2*p - 3*u = 2*u + 6, -4*u = 0. Suppose -3*y - p = 12. Let l(w) = 5*w. What is l(y)?
-25
Suppose 4*f + 12*k - 9*k = 39, 51 = 5*f + 3*k. Let b(z) = -2*z + 25. Give b(f).
1
Let s(d) be the first derivative of -d**4/4 - d**3/3 + d**2/2 + 3*d + 457. Determine s(0).
3
Let i(t) = 13*t**2 + 9*t - 9. Let h(q) = -6*q**2 - 5*q + 5. Let l(b) = 7*h(b) + 3*i(b). Give l(-4).
-8
Let m(o) = -o**3 - 2*o**2 + 5*o + 3. Let n be m(-4). Suppose 0 = -d + 6*d - n. Let i(z) = -5*z**2 - d*z**3 + 0*z - 4*z + 4*z**3 - 3*z - 2. Give i(6).
-8
Let l(v) = -5*v + 24. Let n be l(6). Let p(m) = -m**3 - 7*m**2 - 5*m - 1. Let c be p(n). Let s(w) = w**3 + 7*w**2 - 2*w - 5. What is s(c)?
9
Suppose 75*t - 81*t - 12 = 0. Let n(z) = z**2 + z. Let a(o) = -3*o + 2. Let h(l) = t*n(l) - a(l). What is h(3)?
-17
Suppose v = -4*g + 8, 27*v = 5*g + 29*v - 7. Let x(a) = 4*a**2 - 4*a - 1. What is x(g)?
23
Let f(x) = x**3 - 7*x**2 - 3*x + 16. Let i = -1057 - -1064. Give f(i).
-5
Let v(g) be the third derivative of -g**4/24 + g**3 + 58*g**2. Calculate v(7).
-1
Let p(s) = -7*s**2 + s - 1. Let n(v) = -3*v**2 - 1. Suppose -2*b = 3*u - 14, -3*u - 4 = -5*b + 10. Let i(z) = b*p(z) - 9*n(z). Calculate i(5).
0
Let w(t) = -2*t**2 - 2*t - 1. Let i be (90/9 + -5)*1. Calculate w(i).
-61
Let s be -6 - -1 - (-2 - -1). Let l be (-1 - 2)/(3/s). Let h(r) = 3 - 6 + 293380*r**2 + 3*r - 293381*r**2. Determine h(l).
-7
Let m(q) be the first derivative of 3/2*q**2 - 5*q + 5. Let p(i) = i**2 + 4*i - 1. Let l be p(-5). Determine m(l).
7
Let t(w) = -2*w**2 + 20*w - 37. Let q be t(8). Let g(y) = y**3 + 2*y**2 - 16*y. Give g(q).
5
Let l(i) = -i - 4. Let r = 10 - 7. Suppose -24 + 15 = -r*p. Give l(p).
-7
Let f(x) = -12*x**2 + 1. Let l be 98/(-42) + (-1)/(3/(-4)). What is f(l)?
-11
Suppose -15 = 2*w - 21. Let h = -1 - -3. Let l(t) = -w*t**2 + 4*t**h - 2 + 0*t**2 - 2*t - 4*t. Calculate l(6).
-2
Let z be (-2)/5 - (-212)/5. Let s = z - 46. Let k(n) = -n**2 - 5*n - 4. Determine k(s).
0
Suppose 0 = 2*p - 7*p - 10. Let r(s) = 149*s**2 - 4*s + 1. Let h(d) = 179*d**2 - 5*d + 1. Let a(k) = 5*h(k) - 6*r(k). Determine a(p).
5
Let u(g) = -g**2 + 2*g**2 + 5 + 6*g + 0. Let x be u(-6). Let r(h) = 36889*h**2 - 36890*h**2 + 6*h - 2 + 6. What is r(x)?
9
Let o(s) be the first derivative of 4*s**3/3 - s - 169. Suppose 4*l - 3*p + 1 = 0, 4*l + 5*p = -9 - 0. What is o(l)?
3
Let p(x) = 3*x + 1. Let v(b) = -26*b**2 - b + 2. Let l be v(1). Let f be ((-2)/5)/((-5)/l). What is p(f)?
-5
Let y(z) be the first derivative of -z**4/2 - 7*z**3/3 + 19. Let d(w) = -w**3 - 6*w**2. Let m(i) = 3*d(i) - 2*y(i). Give m(3).
-9
Let z(w) = 2*w + 6. Suppose 0 = -2*t + 8, 5*t - 4*t = 4*g - 20. What is z(g)?
18
Let s(m) = -3*m + 6. Let w be s(2). Let n(j) = 2*j + 0 - 3 + w*j + 1. Calculate n(4).
6
Let a be (1/(-3) + 1)*(-156)/104. Let c(q) = 23*q. What is c(a)?
-23
Let x(r) = -3*r**2 - 2*r**2 - 3*r**2 - r**2. Let h be (-3 - (-68)/18) + (-10)/(-45). Give x(h).
-9
Let l(g) = g**3 + g**2 - 5. Let t = -1076 - -1076. Calculate l(t).
-5
Suppose 3*h - 11 = -l, -4*l = -4*h + h + 1. Suppose y + l*w = -3, -3*w - 3 = 2*y + 1. Let n(u) = -u**2 + 4*u + y - 7*u + 0*u - 4. Give n(-2).
-1
Let y(v) = v**3 + 7*v**2 + 10*v + 3. Suppose 20*g - 12*g = -40. Determine y(g).
3
Let u(c) = -1 + 1 + 1 + 4*c. Let h be -2 + -1 + 11/((-99)/(-27)). Suppose -5*q + 10*o - 6*o - 1 = h, o - 3 = 4*q. What is u(q)?
-3
Let a(h) be the second derivative of -1/3*h**3 + 1/20*h**5 + 23*h + 1/6*h**4 + 1/2*h**2 + 0. Determine a(1).
2
Let v(k) = -4*k + 5. Let r(i) be the second derivative of 11*i**3/6 - 15*i**2/2 + 2*i + 6. Suppose 0 = -x - 2*x + 24. Let j(l) = x*v(l) + 3*r(l). What is j(-6)?
-11
Suppose -3*c = 5*l - 1, 2*l + c = 9 - 8. Let h(q) = -7*q + 2. Calculate h(l).
-12
Let y(d) = 3*d - 1. Let u(n) = 2*n + 1. Let o(r) = 3*u(r) - y(r). Calculate o(-5).
-11
Let s = -7 - -8. Let q(l) = -3 - l + s + 3. Calculate q(3).
-2
Suppose -111*k + 130 + 425 = 0. Let y(o) be the second derivative of -o - 1/6*o**3 + 1/12*o**4 + 0 - 3/2*o**2. Determine y(k).
17
Let v(p) = -p - 8. Let m(w) = w**3 - 3*w**2 + 4*w - 3. Let h = -5 - -7. Let d be m(h). Suppose -5*t = -3*y + 8, -5 = 5*t - 4*y - d. Give v(t).
-4
Let a = 13 - 8. Suppose 3*m + z - 2*z - 10 = 0, -2*z = m + 6. Let o(k) = 2*k**2 + m*k**3 - 2*k**3